3126053?
True
Is 70979331 a multiple of 21?
False
Is 31811252 a multiple of 22?
True
Is 32905221 a multiple of 1611?
False
Is 14 a factor of 844315696?
True
Is 3 a factor of 2402235?
True
Does 2626 divide 107090906?
True
Is 18 a factor of 23194389?
False
Does 4030 divide 117622618?
False
Does 18 divide 8944979?
False
Does 12 divide 3590370120?
True
Is 3920750824 a multiple of 14?
False
Is 125051787 a multiple of 63?
True
Does 15611 divide 3707472001?
True
Is 235 a factor of 178137?
False
Is 34306439 a multiple of 1859?
False
Is 985397364 a multiple of 8834?
True
Is 1201 a factor of 596295215?
False
Is 23 a factor of 176596691?
True
Is 873700709 a multiple of 108?
False
Is 53204569 a multiple of 12?
False
Is 1625 a factor of 313641250?
True
Does 4 divide 56106810?
False
Is 36 a factor of 357552?
True
Does 8 divide 1083312?
True
Is 647348488 a multiple of 91?
False
Is 183 a factor of 15089825?
False
Does 13 divide 851245265?
True
Is 1750762575 a multiple of 2169?
True
Does 229 divide 285926423?
True
Is 433 a factor of 56926461?
False
Does 1317 divide 338167407?
True
Does 293 divide 27852287?
True
Is 5903760 a multiple of 16?
True
Is 95 a factor of 169631521?
False
Is 95145078 a multiple of 42?
True
Is 232245357 a multiple of 2901?
True
Is 91 a factor of 32787736?
False
Is 3003 a factor of 536652901?
False
Is 135 a factor of 260858610?
True
Is 1580629723 a multiple of 679?
False
Is 2247434423 a multiple of 8987?
False
Does 690 divide 700708512?
False
Is 1285 a factor of 41787651?
False
Does 8382 divide 3887563218?
True
Is 22287246 a multiple of 771?
False
Is 2067712 a multiple of 128?
True
Is 87618510 a multiple of 162?
True
Is 174744 a multiple of 39?
False
Does 664 divide 695512776?
True
Is 15421047 a multiple of 669?
False
Does 1597 divide 18373485?
True
Is 397 a factor of 70522683?
True
Is 132 a factor of 11605704?
True
Is 17206988 a multiple of 125?
False
Is 1177207947 a multiple of 817?
True
Is 724685603 a multiple of 723?
False
Is 15 a factor of 456750570?
True
Is 171029466 a multiple of 245?
False
Does 5 divide 15821160?
True
Is 94713215 a multiple of 402?
False
Is 68 a factor of 183865744?
True
Is 290561772 a multiple of 2011?
False
Is 6 a factor of 631074318?
True
Is 14 a factor of 1245399210?
False
Does 12 divide 511804070?
False
Is 1852822480 a multiple of 666?
False
Does 31 divide 70861102?
True
Is 4039296470 a multiple of 83?
False
Is 34 a factor of 1106520276?
True
Is 39 a factor of 893602031?
False
Is 314 a factor of 33271440?
True
Is 2016360 a multiple of 36?
True
Does 4 divide 1032620?
True
Is 14366421 a multiple of 116?
False
Does 9 divide 28002960?
True
Does 4250 divide 1489144750?
True
Is 895 a factor of 11365605?
True
Is 11 a factor of 98949554?
True
Is 933 a factor of 11766177?
False
Is 4789234 a multiple of 29?
True
Is 36 a factor of 279674792?
False
Does 99 divide 65269777?
False
Is 329 a factor of 26611106?
False
Does 13 divide 3446755?
True
Does 806 divide 295107228?
True
Is 15351 a factor of 2634431163?
True
Does 160 divide 244928640?
True
Does 746 divide 230139508?
True
Does 228 divide 32685935?
False
Does 9 divide 171400022?
False
Is 31952389 a multiple of 669?
False
Is 3673 a factor of 305232291?
False
Does 2803 divide 99268166?
False
Is 535 a factor of 167830570?
True
Is 301468123 a multiple of 4565?
False
Is 83355200 a multiple of 2360?
True
Does 1698 divide 232251062?
False
Is 951805582 a multiple of 1918?
True
Does 836 divide 103739240?
True
Is 491 a factor of 15552916?
True
Is 299 a factor of 291980501?
False
Does 917 divide 34796150?
False
Does 617 divide 43569461?
False
Does 73 divide 920779003?
True
Does 2822 divide 713531412?
True
Does 119 divide 36898425?
False
Is 111513766 a multiple of 14?
True
Is 489526576 a multiple of 77?
True
Does 26 divide 89967722?
True
Is 239 a factor of 230285239?
False
Is 637 a factor of 14468758?
False
Is 48 a factor of 2971536?
True
Does 59 divide 6097100339?
False
Does 235 divide 65456430?
True
Does 120 divide 28781160?
True
Is 158 a factor of 23933610?
False
Is 66 a factor of 21408552?
True
Is 363 a factor of 13132457?
False
Is 60 a factor of 21847560?
True
Is 375 a factor of 85761665?
False
Does 18 divide 77033952?
True
Is 2246708736 a multiple of 14016?
True
Is 106 a factor of 1001879?
False
Is 4060 a factor of 21932120?
True
Does 43 divide 1261391538?
False
Is 2899 a factor of 26600437?
False
Does 117 divide 68724864?
True
Does 324 divide 532359?
False
Does 505 divide 308048990?
True
Does 96 divide 148178880?
True
Is 701 a factor of 14349429?
False
Is 156641255 a multiple of 2605?
True
Does 1426 divide 430790495?
False
Is 5 a factor of 29520045?
True
Does 161 divide 79956786?
True
Does 8 divide 10137688?
True
Is 6283917 a multiple of 101?
True
Is 894 a factor of 753223608?
True
Does 4633 divide 431089505?
False
Is 100 a factor of 662224769?
False
Is 28 a factor of 947210385?
False
Is 47 a factor of 54095872?
True
Is 6 a factor of 28972768?
False
Does 251 divide 21705978?
True
Does 19 divide 7272385?
False
Is 122759670 a multiple of 55?
True
Is 717375425 a multiple of 845?
True
Is 1282497770 a multiple of 44?
False
Is 539276635 a multiple of 1038?
False
Is 61 a factor of 7765091?
False
Does 261 divide 66927708?
True
Is 3366327811 a multiple of 77?
True
Is 30894572 a multiple of 80?
False
Is 1152518608 a multiple of 11?
False
Does 10609 divide 3777767134?
False
Is 22 a factor of 41192116?
False
Does 111 divide 169303860?
True
Does 510 divide 77595643?
False
Does 5649 divide 116279791?
False
Is 12388871 a multiple of 27?
False
Is 1395 a factor of 1991536972?
False
Does 222 divide 54373862?
False
Is 47346860 a multiple of 581?
False
Is 32961735 a multiple of 243?
True
Is 2676765737 a multiple of 2382?
False
Is 77296485 a multiple of 217?
True
Is 65110132 a multiple of 164?
True
Is 323805208 a multiple of 41?
True
Does 138 divide 1639051749?
False
Is 3830186520 a multiple of 15?
True
Is 597341149 a multiple of 30?
False
Is 153 a factor of 1257823557?
True
Is 1442623965 a multiple of 303?
False
Is 1474992 a multiple of 72?
True
Is 407 a factor of 6080116?
False
Does 7 divide 730479159?
False
Does 960 divide 974063040?
True
Does 5234 divide 4485695020?
True
Is 106190224 a multiple of 856?
True
Does 252 divide 61319412?
True
Does 1327 divide 35087207?
True
Is 8 a factor of 48302432?
True
Is 32281930 even?
True
Is 65 a factor of 26481116?
False
Does 7422 divide 208676012?
False
Is 31279609 a multiple of 12?
False
Is 19 a factor of 1503295485?
True
Does 34 divide 329442715?
False
Is 131208308 a multiple of 86?
True
Is 1200118920 a multiple of 22?
True
Is 76993398 a multiple of 2883?
True
Does 2676 divide 2997103944?
True
Is 562698134 a multiple of 500?
False
Is 323 a factor of 23664918?
True
Is 173365335 a multiple of 435?
True
Does 4219 divide 91773?
False
Does 22 divide 22097098?
False
Is 29 a factor of 1059719711?
True
Is 903244980 a multiple of 5874?
True
Is 249675654 even?
True
Is 3451 a factor of 846629790?
False
Does 11 divide 146397079?
False
Is 160 a factor of 4277440?
True
Does 890 divide 98184929?
False
Is 117408111 a multiple of 38?
False
Is 98 a factor of 74447758?
True
Does 108 divide 87663924?
True
Does 38 divide 29165447?
False
Is 627654950 a multiple of 14?
False
Is 1335086325 a multiple of 299?
False
Is 52147291 a multiple of 77?
False
Does 306 divide 67895491?
False
Is 12943205 a multiple of 11?
True
Is 94 a factor of 3703746264?
True
Is 12 a factor of 33644988?
True
Is 309 a factor of 100617386?
False
Is 39776485 a multiple of 92?
False
Is 23334184 a multiple of 229?
True
Is 78 a factor of 46620604?
False
Is 1280926185 a multiple of 18?
False
Is 58633650 a multiple of 5?
True
Is 915 a factor of 2667020955?
True
Is 990 a factor of 144817460?
False
Does 28 divide 77579117?
False
Is 287254032 a multiple of 2264?
False
Is 944 a factor of 43591523?
False
Does 767 divide 16048708?
True
Does 7 divide 456475656?
True
Is 74089733 a multiple of 114?
False
Does 34 divide 4709068?
True
Is 20 a factor of 415640?
True
Is 17 a factor of 237588717?
False
Is 21 a factor of 63404901?
True
Is 28409970 a multiple of 662?
False
Does 79 divide 96406281?
False
Is 11626616 a multiple of 2237?
False
Is 30480375 a multiple of 25?
True
Does 15 divide 46495230?
True
Is 56221371 a mult